a + 9. Give v(m).
-1
Let m be 4 - 1/2*-12. Suppose m*n = 12*n - 4. Let h be (-187)/(-99) - n/(-18). Let j(a) = a**2 + 2*a. Determine j(h).
8
Let h = 1736 + -1737. Let n(p) = 3*p**3 - p**2 + p + 1. Give n(h).
-4
Let m(q) = 3*q + 6. Let u(i) = i + 2. Let p(n) = 2*m(n) - 7*u(n). Let g(w) = w + 2. Let l(r) = 7*g(r) + 6*p(r). Let z = -13 - -15. Calculate l(z).
4
Let y = 28 + -34. Let c be y*(8/(-30) + (-6)/15). Let m(h) = -c*h**2 - 6*h - 1 - 8 + 3*h**2. Determine m(-6).
-9
Let g(k) = 14*k + 7. Let z(f) = -47*f - 23. Let b(l) = -7*g(l) - 2*z(l). Let a be (3 - 6) + 4 + 1. Suppose 18 = -p + 3*j, -p - 2*p + a*j = 19. What is b(p)?
9
Let v = -6435 - -6434. Let p(j) = 26*j + 5. Give p(v).
-21
Let n(d) = -48*d - 5. Let b(q) = 7*q + 577. Let c be b(-82). Give n(c).
-149
Let t(w) be the third derivative of 0 + 0*w - 5/8*w**4 - 63*w**2 + 1/6*w**3. What is t(-1)?
16
Let g(s) = -s**3 + 3*s**2 + 10*s + 5. Let a be g(0). Let n(q) = -q**3 + 5*q**2 - 2*q - 7. Calculate n(a).
-17
Let f = 28705 - 28713. Let w(x) = 14*x**2 + 115*x + 6. Give w(f).
-18
Let v be ((-18)/4 - -4)*(-2 + 8 + 0). Let d(c) = -25*c - 55. Determine d(v).
20
Let y(b) = b**2 - 10*b + 16. Let k be y(2). Suppose 2*g + k*n = 2*n - 8, -4*n = 5*g + 20. Let l(q) = 3*q + 5. What is l(g)?
-7
Let m be (6/4)/((-105)/(-490)). Let t(v) = 5*v - 2*v - 1 + 4 + 3*v - m*v. Let h = 14 - 6. Determine t(h).
-5
Suppose -2*l = -4*k + 3*l - 51, k + 24 = 5*l. Let v(y) = -27*y - 22. Let h(m) = 32*m + 24. Let u(f) = 5*h(f) + 6*v(f). Give u(k).
6
Let d(l) = -l**3 - l**2 + 1. Let w(u) = -4*u**3 - 10*u**2 + u + 9. Let g(j) = -5*d(j) + w(j). Let z = 219858 + -219853. Determine g(z).
9
Let m(v) = -3*v**3 + 6*v**2 - 2*v + 2. Let s(g) = -2*g**3 + 6*g**2 - g + 3. Suppose -22*k - 20 = -27*k. Let d(q) = k*s(q) - 3*m(q). Determine d(-5).
21
Let p(q) = -q**3 + 15 - 5926*q**2 + 11837*q**2 - 11*q - 5924*q**2. What is p(-12)?
3
Let q(d) = -d - 4. Let a(x) = 2*x + 8. Let u(v) = 4*a(v) + 9*q(v). Let m be (1 - 8/7) + 85/7. Suppose 14 = -m*f - 70. Give u(f).
3
Let q(k) = 25*k**3 - 3*k**2 - 125*k - 18. Let a(w) = 28*w**3 - 4*w**2 - 136*w - 19. Let r(i) = -8*a(i) + 9*q(i). Give r(-9).
-1
Let r be (-1 + 0)*(2 + -3). Let s(v) = -138*v**2 - 95*v**2 - 1 + 247*v**2. Calculate s(r).
13
Let q(o) = -17*o - 23. Let f(c) = 65*c + 95. Let r(w) = 2*f(w) + 9*q(w). Determine r(-1).
6
Suppose 17*h = 11*h + 18. Suppose -5*d = -0*d - 20. Let q(z) = 5*z**2 - 5*z**3 + 4*z**3 + 0*z**2 + 1 - d*z. Determine q(h).
7
Let t(u) = 5 - 7 + u - 4*u**3 + 8*u**3. Let w be t(-2). Let m = w + 43. Let j(z) = z**2 - 7*z + 6. Give j(m).
6
Suppose 5*t - 25 = -30. Let w = 35 - t. Suppose 3*j = -3*a + w, 5*a - 25 = 2*j + 7. Let d(q) = -q + 5. Give d(a).
-3
Let s(w) = -w**3 + 9*w**2 - 7*w - 10. Let y be (-20)/(-6)*10*(-4)/(-200)*12. Give s(y).
-2
Let x(p) = -2*p + 4. Let g(r) = -2*r. Suppose -9 = 4*j + z - 21, 3*j - 4*z = -10. Let a(u) = j*g(u) - x(u). Determine a(4).
-12
Let d(g) = -4*g - 4. Suppose -5*r - 3105 = 3*n, 7*n = 2*n. Let l = -628 - r. Calculate d(l).
24
Let l = -8 + 10. Suppose -l*i + 3*i - 25 = 0. Let x(c) = -40 - 2*c + i + c**2 + 17. Determine x(2).
2
Suppose 5*p = 5*f - 65, 5395*p - 5396*p - f - 17 = 0. Let b(j) = 5*j**3 + 74*j**2 - 14*j + 14. Calculate b(p).
-1
Let f be ((-121)/(-33) - 6)/(14/(-36)). Let t(y) = y**2 - 3*y - 22. Calculate t(f).
-4
Let h(r) be the third derivative of -r**4/4 + 7*r**3/6 - 7*r**2 - 206. Determine h(5).
-23
Let r(n) be the first derivative of n**2 - 28*n + 1622. Give r(12).
-4
Let j(s) = s**2 - 10*s - 15. Let b be 18 - 23/(92/24). Suppose 0 = 2*u - 3*a - 2*a - b, -3*a + 61 = 5*u. Calculate j(u).
-4
Let q = 41680 - 41676. Let g(h) = h**3 - 2*h**2 + 3*h - 45. Give g(q).
-1
Let g(x) = -3*x - 1. Let o be (-4)/(-12) + 3426/(-18). Let y be 20/((-2)/(-2))*152/o. Let m = y + 19. Calculate g(m).
-10
Suppose -7*j - 33*j + 233 - 1233 = 0. Let k(h) = 10*h + 258. Calculate k(j).
8
Let x(m) be the first derivative of -m**4/12 - 2*m**3/3 - 24*m**2 + 33. Let d(y) be the second derivative of x(y). Determine d(-5).
6
Let y be -5*(-4)/5*1. Let v(q) = -y*q**2 - 2*q + 2*q**2 - 3 + 0 - 1. Let p(r) = -4*r**2 - 4*r - 7. Let b(u) = -3*p(u) + 5*v(u). Calculate b(-1).
1
Let q(k) = 2*k**2 - 4*k + 1. Let h be q(3). Suppose -2*d + 3266 = 3296. Let j be 5/(d/2)*(-10 + h). Let p(o) = o**2 - o + 2. Give p(j).
4
Let j(f) = 7*f**2 + 6*f + 1. Let p(k) = k**3 - 1. Let g(b) = -j(b) - p(b). Suppose 6*u + 5563 - 5527 = 0. Give g(u).
0
Suppose 0 = -3*p + 17 + 10. Let r = 12 - p. Let x(s) be the second derivative of -s**3/6 + s**2/2 + 9*s. Give x(r).
-2
Let w = -8263 + 8272. Let s(j) = -2*j - 11. Give s(w).
-29
Let n(q) be the first derivative of q**2 - 29*q + 341. Give n(22).
15
Let u(s) = 3*s - 7. Suppose 3*w = -v - 4*v - 1159, 0 = -5*w + 2*v - 1973. Let a = w - -398. What is u(a)?
8
Let k(u) = -65 + 48 - u + 30. Give k(5).
8
Let k(c) = 11*c**2 + 5*c + 86. Let f(b) = 27*b**2 + 2*b + 173. Let x(j) = 2*f(j) - 5*k(j). Calculate x(-15).
6
Let m(n) = n**2 + 2*n - 4. Let t be 3*13 + 5/(-5). Let a(f) = -f**2 - 20*f - 70. Let h be a(-14). Suppose h = 6*k + t. Determine m(k).
4
Let x(b) = 2*b - 4*b - 7*b + 6*b - b - 18. Determine x(-5).
2
Let q(f) = 7 + 9670*f**2 - 5*f - 4877*f**2 - 4794*f**2. Suppose -3*x - 6 = 0, -3*y - 4*x - 5 = -9*x. Calculate q(y).
7
Let v(j) be the third derivative of j**6/120 + j**5/20 - 7*j**4/24 - 5*j**3/6 - 9169*j**2 - 2*j - 1. Let g = -4 + 7. Suppose 0 = 2*d + 5 + g. What is v(d)?
7
Let l(v) = -v - 16 + v**2 - 7*v - 2*v**2. Let t(y) = -170*y**2 - 32978*y + 382. Let f be t(-194). What is l(f)?
-4
Let c(o) = 812*o - 410*o - 3 - 405*o - 15. Give c(0).
-18
Let b(g) = -59*g**3 + 77*g**2 + 9*g - 24. Let n(a) = -20*a**3 + 28*a**2 + 3*a - 9. Let r(v) = -4*b(v) + 11*n(v). Give r(-1).
-16
Suppose 222 = -321*g + 1506. Let r(z) = -10*z - 16. Calculate r(g).
-56
Let w(l) = 2*l + 5. Let r be w(-7). Let g(c) = -606 + 9*c + 209 + 202 + 9*c**2 - 8*c**2 + 205. Calculate g(r).
10
Let y(n) be the second derivative of 5*n**4/12 - n**3/6 + n**2/2 + 53*n. Let l be -20*4/32*-2*2. Suppose 2 = -8*r + l. Determine y(r).
5
Let o(d) = 14 - d - 1 - 7 + 0. Let z = -1039 + 1047. What is o(z)?
-2
Let o(b) = b**3 + 4*b**2 + 2*b. Suppose -2*t - 5*t + 3*t = 0. Suppose t = 17*s - 25*s - 720. Let i = -92 - s. Give o(i).
4
Suppose -5*h + 19 = 2*k, 2*h + 2*k + 2 = 6*k. Let w(n) = 4*n**2 - 27*n + 14. Let i be w(8). Let r(j) = -5*j - 59 + 114 - i - j. Calculate r(h).
-17
Let s(t) = 29*t - 16757 + 7905 + 8145. Give s(24).
-11
Suppose -25*v = -13*v. Let m(l) = 1 - 60*l**2 + v + 128*l**2 - 64*l**2. Give m(-1).
5
Let p(w) = -9*w**3 - 7*w**2 - 3*w + 8. Let j(b) = 16*b**3 + 15*b**2 + 4*b - 18. Let x(k) = -4*j(k) - 7*p(k). Determine x(-11).
-39
Let h = -12 + 2. Let j(v) be the first derivative of v**3/3 + 11*v**2/2 + 4*v - 1264. Give j(h).
-6
Let q(v) = -2*v**2 + 32 + 37 + v**2 + 5*v - 90 + 7*v. Give q(6).
15
Let q(f) be the third derivative of f**4/24 - 7*f**3/2 + 234*f**2. Suppose 5*c = -5*w + 84 - 19, 5*c + 5 = 0. Give q(w).
-7
Let q(x) = x**3 + 3*x**2 - x - 3. Let p(i) = 12*i + 290. Let w be p(-24). What is q(w)?
15
Let m = 95 + -91. Let u(h) = -h**2 + 8*h - 7. Let a(r) = r - 1. Let q(n) = 5*a(n) - u(n). Determine q(m).
6
Let f(c) = -8*c**3 - 11*c**2 - 9*c - 11. Let k(v) = 27*v**3 + 32*v**2 + 28*v + 35. Let j(d) = 7*f(d) + 2*k(d). Calculate j(-6).
-1
Let v = -98 + 85. Let w(r) = -21*r + 28*r - 8*r. Determine w(v).
13
Let v(c) = -c - 4. Let u = 291 + -289. Suppose -n + 18 - 3 = -2*j, 0 = -u*j - 5*n - 33. Determine v(j).
5
Suppose 4 = 5*x - 1. Let g = -2 - x. Let z(m) = -12*m + m**2 - 4*m + m**3 - 2 + 11*m. Give z(g).
-5
Let l = -486 - -495. Let i(w) = 2*w - 9*w**3 - 10*w**2 - 5*w**3 - l*w**3 + 29*w**3 + 15 - 7*w**3. Suppose -2*g = -3*g - 10. Calculate i(g).
-5
Let j(o) = o - 1. Let a = 27 + -28. Let f(z) = -6*z**2 + z - 27. Let t(q) = a*f(q) - 2*j(q). Let b(s) be the first derivative of t(s). Determine b(2).
21
Suppose 3*w = 2*d + 25, -w + d - 60 + 69 = 0. Let u(f) = 28*f - 196. What is u(w)?
0
Let d(l) = -3*l. Suppose -3*u = -12*u + 18. Let a(z) = -2*z**2 + 4*z - 6. Let m(g) = g**2 - 4*g + 6. Let r(s) = u*a(s) + 3*m(s). Let h be r(-5). Determine d(h).
-3
Let i(s) = 46*s**3 - 34*s**2 - 11*s - 1. Let q(d) = -25*d**3 + 17*d**2 + 6*d + 1. Let k(h) = -6*i(h) - 11*q(h). Give k(17).
-5
Let j(b) = -b**2 -